12, n = 5*l - 543. Suppose -b + 241 = -l. What are the prime factors of b?
349
Suppose -2*j - 2054 = -2*k, j - 3077 = -2*k - k. Suppose 5*u - 4*o + 622 = 8*u, 5*u - 4*o - k = 0. What are the prime factors of u?
2, 103
Suppose 0 = 3*c + d + 1, 0*c - 5*c - 2 = 2*d. Suppose -40*m - 316 = -119*m. Suppose c = s - 9*h + 4*h - 18, -4*h = -m*s + 56. What are the prime factors of s?
13
Let f(p) = 4576*p - 1650. List the prime factors of f(5).
2, 5, 11, 193
Suppose -220 = -2*o + 24*o. What are the prime factors of ((-26)/7)/(o/140)?
2, 13
Suppose 0 = -2*u + 10 - 22. Let k = 186 + u. Let j = -96 + k. List the prime factors of j.
2, 3, 7
Let w(k) = 21*k**2 + 31*k + 10. Let v be w(6). Suppose 11*f - v = 324. List the prime factors of f.
2, 29
Suppose 3*o + 4*r - 5 = 3, o + 8 = 4*r. What are the prime factors of o/31 - (-5)/((-15)/(-2568))?
2, 107
What are the prime factors of 471520/24 - -7 - (-1)/3?
2, 31, 317
Suppose -78*f + 1716181 + 550187 = 0. What are the prime factors of f?
2, 227
Let v = -331 + 336. List the prime factors of 15090/25 - (23/v - 5).
2, 151
Suppose 2340 = 3*j - p + 318, 3370 = 5*j + 5*p. Let c = j + -416. List the prime factors of 3 - (-3)/(9/c).
89
Let l(d) = 2*d**3 - 7*d**2 + 12*d - 4. Let h be 10/(-3)*9/(-15)*2. List the prime factors of l(h).
2, 3, 5
Suppose -t + 3*k = k, -3*k = -3*t + 9. Let z(g) = 2*g**3 - 5*g**2 - 16*g - 16. List the prime factors of z(t).
2, 5, 7
Let g(c) = -108*c - 2811. What are the prime factors of g(-93)?
3, 2411
Suppose 18 = 3*a + 12. Let g(w) = -2*w - 28*w**a + 34*w**2 - 4 + 3*w. What are the prime factors of g(4)?
2, 3
Let t(b) = 10*b + 9. Let q be t(5). Let p(y) = -y**2 - y - 31. Let n be p(0). Let i = q + n. What are the prime factors of i?
2, 7
Let i be (-2541)/(-12) - 33/44. List the prime factors of (i - (6 - 1))*(-1)/(-2).
103
Suppose -1947 = 4*u - 255. Let j be (-2)/(4/(-2)) - u. Suppose 13*d = 876 + j. What are the prime factors of d?
2, 5
Let i = -1255 - -4687. List the prime factors of i.
2, 3, 11, 13
List the prime factors of ((-2629)/88*-4)/((-5)/(-180)).
2, 3, 239
List the prime factors of (-257801 - -16)/(-11)*45/25.
3, 43, 109
Let j(t) = -t**3 + 10*t**2 + 11*t + 26. Let m be (55/(-15))/(((-1)/1)/9). Let o be m/(-6)*(-2 + 0). What are the prime factors of j(o)?
2, 13
Let z be (-54)/(-15)*(-40)/3. Let b = 48 + z. Suppose b = 12*f - 8*f - 172. What are the prime factors of f?
43
Suppose 3835 = 5*q - 5*p, 5*q + 596 - 4404 = -4*p. Let z = -152 + q. What are the prime factors of z?
2, 3, 17
Let b(q) = 12*q**2 + 32. Let l(o) = o**3 + 9*o**2 - 11*o - 5. Let s be l(-10). What are the prime factors of b(s)?
2, 83
Suppose 3*s - 2*l = 134, 4*s - l - 174 = -3*l. Let j = s - 41. List the prime factors of ((-10)/j + 4)*3.
2
Let r(v) = 3*v**2 - 16*v - 1. Let n be r(-5). Suppose -n = 54*a - 52*a. Let x = a - -93. What are the prime factors of x?
2
Suppose 11*q = 4625 + 1832. Let f = q + -227. What are the prime factors of f?
2, 3, 5
Suppose 0 = -12*b + 8*b - 8, -1586 = -4*u - 5*b. What are the prime factors of u?
3, 7, 19
Suppose -6532*c = -6516*c - 69920. List the prime factors of c.
2, 5, 19, 23
Suppose 6465 = 46*f - 41*f. Let h = 2562 - f. What are the prime factors of h?
3, 47
Let g(r) be the second derivative of r**4/6 + 4*r**3 - 9*r**2 - 56*r - 2. What are the prime factors of g(14)?
2, 5, 71
Suppose 4*q - 10012 = 4*b, 5*q - 14440 + 1931 = -b. Suppose -q = -12*n + 1866. List the prime factors of n.
2, 7, 13
Suppose 5*i - 38623 = -4*n, -8*n + 6*n - 30862 = -4*i. List the prime factors of i.
3, 31, 83
Let h = 56 - 60. What are the prime factors of 5 + 233 - h - -4?
2, 3, 41
Let j(s) = s**2 + 4*s + 6. Let i be j(-4). Let g be i/(-8) - 24/(-32). Suppose 3*n + 3*w - 138 = g, -128 = -3*n + 4*w - 5*w. List the prime factors of n.
41
Suppose 9*o + 3534 - 24 = 0. List the prime factors of ((414/(-4))/1)/(39/o).
3, 5, 23
Let i(u) be the third derivative of u**5/30 + 5*u**4/12 + 19*u**3/6 + 2*u**2 - 31*u. What are the prime factors of i(-10)?
7, 17
Let u(t) = 3*t**2 - 14*t - 258. List the prime factors of u(-74).
2, 7, 1229
Suppose 11*c - 131352 = -41*c. List the prime factors of c.
2, 3, 421
Suppose 1146 = l - 5*b, 3*l - 3*b - 12 - 3390 = 0. Suppose -4*y + 657 = -l. Suppose h + 2*h = y. List the prime factors of h.
149
Let q = 86 - 82. Suppose -g + q*c = -3*g + 866, 2*g - c - 886 = 0. What are the prime factors of g?
3, 7
Suppose i + i - 9*i + 132314 = 0. List the prime factors of i.
2, 13, 727
Let m(i) = -i**2 + 38*i - 163. Let p be m(33). What are the prime factors of (20 - 1269)/(p - 3)?
1249
Let h = -986 - -592. Let p = -239 - h. Let s = p + -75. List the prime factors of s.
2, 5
Let u(q) = -q**2 - 15*q - 20. Let x be u(-13). Suppose 3*t + 9 = x*t. Let b = t + 17. List the prime factors of b.
2, 5
Let x(f) = 5*f**3 - 3*f**2 - 2*f**2 - 7*f**3 + 2*f. Let s be x(-7). Suppose -3*a - s = -5*z, z - 126 = -a - 39. List the prime factors of z.
2, 43
Let h(u) = 3*u - 23. Let g be h(9). Suppose g*z - 2212 = -8*k + 12*k, 0 = z - 5*k - 533. What are the prime factors of z?
2, 3, 31
Let p be -3 - (-1 + -4) - 55. Let y = p - -171. Suppose -15*d - y = -17*d. What are the prime factors of d?
59
Suppose 0 = -4*r - w + 16438, -4*w - 3312 = 3*r - 15647. List the prime factors of r.
7, 587
Suppose -4*g - 25 = -3*w, 0*g = -5*w + 4*g + 39. Suppose w*s - 2420 + 285 = 0. What are the prime factors of s?
5, 61
Let m = -35 - -39. Suppose 0 = r - w - 967 + 225, -m*r + 3*w + 2973 = 0. What are the prime factors of r?
3, 83
Let a = -1680 + 942. List the prime factors of a/(-4) + 1/(-2).
2, 23
Let w(g) = -5*g - 227. Let l be w(-44). List the prime factors of ((-35)/(-14) + l)*(-376)/3.
2, 3, 47
Let g(s) = 46*s - 251. Let d = 117 - 103. What are the prime factors of g(d)?
3, 131
What are the prime factors of (146/365)/(7/413350)?
2, 5, 1181
Suppose -54*z + 60*z = -180. What are the prime factors of (-2)/(-5) + (-36)/z*343?
2, 103
Suppose 0 = -4*m - 21 + 101. Suppose 0 = -4*b + 5*i - m, 5*b - 4 = 3*b - i. Let y(l) = l + 68. What are the prime factors of y(b)?
2, 17
Let b(s) = 33*s**2 - s + 7. Let u be b(-4). Let w = u - 283. What are the prime factors of w?
2
Let r(s) = 3*s**2 - 54*s - 2. Let m be r(18). What are the prime factors of (8/(-40))/(m/7130)?
23, 31
Suppose -17 = -5*u + 26*d - 23*d, -u - 2*d + 6 = 0. Suppose u*t - 4*q = 764, 16*q + 737 = 4*t + 21*q. What are the prime factors of t?
2, 47
Let p(o) = 23286*o + 1171. What are the prime factors of p(1)?
37, 661
Suppose 461 = 5*y - 189. Let u be (-2 - (-2066)/(-18)) + 22/(-99). Let n = y + u. What are the prime factors of n?
13
Suppose -241*y + 3243733 - 2342184 = -3382467. What are the prime factors of y?
2, 11, 101
Let q = 31496 + -13772. List the prime factors of q.
2, 3, 7, 211
Suppose -6*r = -24*r + 178560. What are the prime factors of r?
2, 5, 31
Let j(x) = -x - 2. Let h(m) = 8*m + 124. Let z(a) = -h(a) + 2*j(a). What are the prime factors of z(-35)?
2, 3, 37
Let p(r) = 13*r + 7. Let j be p(6). Let f be 4/(-12) + 592/111. Suppose 55 = f*a - j. List the prime factors of a.
2, 7
Suppose 19 = -f + 45. Let l = 28 - f. What are the prime factors of (7/(-4))/(l/(-80))?
2, 5, 7
Let l = -9279 + 14235. What are the prime factors of l?
2, 3, 7, 59
Suppose 88 + 275 = -11*m. Let a = m + 37. List the prime factors of (-76)/((-28)/6 + a).
2, 3, 19
Suppose 5*d - q - 3650 = 0, 2*q + 932 + 1251 = 3*d. Suppose -373 = 4*o + d. List the prime factors of o/(-6)*(2/4 - -1).
3, 23
Let u(l) = -28*l**2 - l + 8. Let d be u(3). Let z = -7 - d. What are the prime factors of z?
2, 3, 5
Let q = -823 + 10956. List the prime factors of q.
10133
Let r = 771 - 445. Let b = 1262 - 1100. Let i = r - b. What are the prime factors of i?
2, 41
Suppose 0 = -3*l + 2637 + 663. Suppose -6*n = -1708 - l. What are the prime factors of n?
2, 3, 13
Suppose -2*j - y + 23265 + 21802 = 0, -2*j + 5*y = -45061. List the prime factors of j.
3, 7, 29, 37
List the prime factors of (-3*(793/4)/13 + 1)*-92.
23, 179
Let i(a) = 99*a + 94*a - 94*a - 465 + 186*a. What are the prime factors of i(6)?
3, 5, 83
Suppose -5*n - 5934 = -8*n. Suppose -5*h + n = -2*r + 3*r, 1972 = 5*h + 4*r. What are the prime factors of h?
2, 3, 11
Let c = -108 - -184. Suppose 4*q - c = -3*v, -13*v - 2*q + 118 = -9*v. What are the prime factors of v?
2
